 number?
True
Is 196962877 composite?
True
Is 407306239 composite?
False
Is 1492739 composite?
False
Is 415537393 prime?
False
Is 166003597 a prime number?
True
Is 147137 prime?
True
Is 7119331 prime?
False
Is 112456007 prime?
False
Is 316495 composite?
True
Is 193128883 composite?
True
Is 1366941 prime?
False
Is 2108497 prime?
True
Is 1153747 a prime number?
False
Is 77155135 a prime number?
False
Is 1126109 a composite number?
True
Is 655914739 a prime number?
False
Is 2857133 prime?
False
Is 4167719 composite?
False
Is 17315938 prime?
False
Is 4708526 a prime number?
False
Is 133631 a composite number?
False
Is 11049287 prime?
True
Is 8289349 a composite number?
False
Is 133149 composite?
True
Is 862183 a prime number?
False
Is 2598083 a prime number?
False
Is 38832771 a prime number?
False
Is 177122497 composite?
False
Is 136803809 prime?
False
Is 1504651 a prime number?
True
Is 92067377 a prime number?
True
Is 140258861 prime?
True
Is 160273 composite?
True
Is 459571445 prime?
False
Is 6748466 prime?
False
Is 21717089 a composite number?
False
Is 484511663 a composite number?
False
Is 16457891 a prime number?
True
Is 19925993 a composite number?
False
Is 153448121 prime?
True
Is 3362519 a prime number?
True
Is 227053 prime?
True
Is 6689167 composite?
True
Is 11258537 composite?
False
Is 9402857 a composite number?
False
Is 561028943 a prime number?
True
Is 790261 prime?
True
Is 152283587 composite?
True
Is 18433721 composite?
True
Is 17011 a composite number?
False
Is 4389226 a prime number?
False
Is 2197383 prime?
False
Is 3656386 prime?
False
Is 17031647 prime?
False
Is 70467658 a prime number?
False
Is 505523069 a composite number?
False
Is 69294341 a prime number?
True
Is 627152705 a prime number?
False
Is 2593858 prime?
False
Is 387766 prime?
False
Is 482769457 prime?
False
Is 4296131 composite?
True
Is 140217977 a prime number?
True
Is 809054 prime?
False
Is 43083619 prime?
True
Is 4190533 prime?
True
Is 254806091 a composite number?
False
Is 32015647 prime?
True
Is 1540751 a prime number?
True
Is 14487991 composite?
True
Is 1205843 composite?
False
Is 70721639 prime?
True
Is 20681 a composite number?
False
Is 78141523 prime?
True
Is 135786073 prime?
False
Is 1500929 a composite number?
False
Is 2865053 composite?
True
Is 1095667 a prime number?
False
Is 203998 a prime number?
False
Is 363450901 a composite number?
True
Is 25656913 a prime number?
False
Is 41461223 a composite number?
False
Is 10885669 composite?
False
Is 857405 a composite number?
True
Is 16103221 prime?
True
Is 207428479 a composite number?
True
Is 825293 composite?
True
Is 20887682 prime?
False
Is 25809913 a prime number?
False
Is 3572963 a prime number?
True
Is 3890771 composite?
False
Is 69494941 a composite number?
True
Is 21481787 a composite number?
False
Is 5898413 a composite number?
False
Is 81905623 composite?
False
Is 77928437 a prime number?
False
Is 36065353 prime?
True
Is 4607159 composite?
True
Is 8792067 a composite number?
True
Is 3082519 a prime number?
False
Is 36434327 composite?
False
Is 14895847 prime?
True
Is 283619617 a composite number?
False
Is 10191101 prime?
True
Is 141719939 a prime number?
False
Is 40503901 a prime number?
True
Is 112978059 a prime number?
False
Is 6354331 a composite number?
False
Is 2903289 a composite number?
True
Is 208250129 a composite number?
True
Is 568510445 a composite number?
True
Is 3285953 a composite number?
True
Is 18628255 composite?
True
Is 91930279 composite?
True
Is 73877683 a composite number?
True
Is 3665261 composite?
False
Is 50828791 composite?
True
Is 25982897 a prime number?
True
Is 6744071 a prime number?
True
Is 17544203 composite?
False
Is 455926189 composite?
True
Is 51604786 a prime number?
False
Is 3233053 a prime number?
False
Is 11292077 a prime number?
True
Is 202759103 prime?
True
Is 13899889 prime?
False
Is 1314839 a composite number?
True
Is 60894533 composite?
True
Is 850613 prime?
True
Is 135257 prime?
True
Is 80620037 a prime number?
False
Is 82454959 a composite number?
False
Is 18398253 a composite number?
True
Is 1049581 a prime number?
False
Is 3868279 a prime number?
True
Is 4836229 prime?
True
Is 14442647 a prime number?
True
Is 12125803 composite?
False
Is 16787921 composite?
False
Is 14485909 a composite number?
True
Is 2368001 composite?
True
Is 2449327 prime?
True
Is 66935215 composite?
True
Is 4319827 prime?
True
Is 22132459 prime?
False
Is 1697981 composite?
True
Is 12791393 a prime number?
True
Is 56094461 a prime number?
False
Is 14391703 a composite number?
False
Is 218727893 a prime number?
False
Is 3585013 composite?
False
Is 573863151 a composite number?
True
Is 3973061 prime?
True
Is 1520579 a composite number?
False
Is 31556329 prime?
False
Is 43370099 a composite number?
False
Is 63734681 a composite number?
False
Is 7759183 prime?
False
Is 1400897 a composite number?
True
Is 216351379 a prime number?
False
Is 984869 composite?
True
Is 130291643 a composite number?
False
Is 4738777 a prime number?
True
Is 3077861 a prime number?
True
Is 67613927 composite?
False
Is 436231 a prime number?
True
Is 133287821 a prime number?
True
Is 123174719 a prime number?
False
Is 76348339 a prime number?
False
Is 12659249 a composite number?
True
Is 117382579 prime?
False
Is 11603183 a prime number?
False
Is 2167855 a prime number?
False
Is 311409146 prime?
False
Is 112221911 composite?
True
Is 3410417 prime?
False
Is 110160247 composite?
False
Is 5297813 a composite number?
False
Is 2895707 composite?
True
Is 17760679 a composite number?
False
Is 237273241 a composite number?
False
Is 96675133 composite?
True
Is 615722903 a prime number?
False
Is 41875289 a composite number?
False
Is 13956757 prime?
True
Is 27224797 composite?
True
Is 1880267 prime?
True
Is 120625231 a prime number?
False
Is 39699229 a prime number?
False
Is 32130707 composite?
True
Is 3068221 a composite number?
True
Is 13604651 composite?
True
Is 842701 prime?
True
Is 118303033 composite?
False
Is 1214767 a prime number?
True
Is 26687 composite?
False
Is 173415857 composite?
False
Is 3672689 prime?
True
Is 758381 composite?
True
Is 5203997 composite?
False
Is 39752851 prime?
False
Is 3165943 composite?
True
Is 85196161 composite?
False
Is 4450097 prime?
True
Is 15923869 a prime number?
False
Is 27315385 a prime number?
False
Is 814439 composite?
True
Is 46687733 composite?
False
Is 592711 a composite number?
True
Is 10656097 composite?
False
Is 1108407 a composite number?
True
Is 29484633 a composite number?
True
Is 84089963 prime?
True
Is 383369 a prime number?
False
Is 4330753 a prime number?
False
Is 7750069 a composite number?
False
Is 1643513 composite?
False
Is 6138887 a prime number?
False
Is 525035803 a prime number?
False
Is 63283139 a prime number?
True
Is 4991089 composite?
True
Is 3214873 composite?
True
Is 29819963 composite?
False
Is 112430327 a composite number?
False
Is 3133649 a prime number?
False
Is 1449779 a composite number?
False
Is 103533463 a composite number?
True
Is 132912859 a prime number?
False
Is 77973191 prime?
False
Is 100827569 composite?
True
Is 92715041 a prime number?
False
Is 176420173 a prime number?
True
Is 115609 composite?
True
Is 78623 a prime number?
True
Is 21358391 prime?
True
Is 98026387 a composite number?
False
Is 461194001 a composite number?
True
Is 23171399 a composite number?
True
Is 123033611 composite?
False
Is 4685623 composite?
False
Is 89610329 a composite number?
False
Is 11163077 composite?
False
Is 9533321 a composite number?
True
Is 11362601 prime?
False
Is 13296729 a prime number?
False
Is 4512587 prime?
True
Is 4790213 a composite number?
True
Is 2687429 a composite number?
True
Is 18222223 a prime number?
True
Is 228303169 a prime number?
True
Is 15260666 a prime number?
False
Is 34459081 a prime number?
False
Is 1945589 a prime number?
False
Is 349193027 composite?
False
Is 4085447 a prime number?
True
Is 4169929 a composite number?
False
Is 13895963 a prime number?
True
Is 12119621 composite?
False
Is 4609169 prime?
True
Is 364374887 prime?
True
Is 5537221 a composite number?
False
Is 5272411 prime?
True
Is 777833 a prime number?
False
Is 439949 composite?
False
Is 1987373 composite?
False
Is 60028531 a composite number?
False
Is 3708